e z(m). Let f(o) = -13*o - 1. What is the tens digit of f(p)?
1
Suppose -9 + 29 = -5*c, 5*c = 4*k - 64. Suppose -k*s + 6*s = 485. What is the units digit of s/(-5) + (-2)/5?
9
Let s(d) = d**3 + 10*d**2 + 8*d - 5. Let o be s(-9). Suppose 3*g = -c + 83, 0 = -2*c + o + 6. What is the tens digit of g?
2
Suppose 2*o + 26 = -4. Let a be 5/o*(-10 - -1). Suppose 3*h - 93 = -4*u, -72 = -3*h + 6*u - a*u. What is the tens digit of h?
2
Let n be -4 - 5/((-10)/16). Suppose h + 0*u - 30 = 2*u, 4*u - 132 = -n*h. What is the tens digit of h?
3
Let n(c) be the second derivative of -c**7/2520 + c**6/90 - c**5/24 + c**4/3 - 7*c. Let z(r) be the third derivative of n(r). What is the units digit of z(6)?
7
Let i = -3925 - -5554. What is the hundreds digit of i?
6
Suppose 2 + 0 = 2*i. Suppose -r + i = 0, 4*r - 6 = -3*a + 4*a. What is the tens digit of (2 - a)/((-6)/(-108))?
7
Let d = 44 + 56. Suppose 2*w + 3*z - d = 0, -2*z = 2*z + 16. What is the tens digit of w?
5
Suppose -2*h + 201 = -323. What is the hundreds digit of h?
2
Let q = -15 + 17. Suppose -q*l = 4*y + y + 21, 17 = l - 3*y. What is the units digit of 0 + 98*l/4?
9
Let c = 16 + -25. Let g = -13 - c. What is the units digit of (6/(-4))/(g/8)?
3
Suppose 13*c + 7160 = 53*c. What is the tens digit of c?
7
Let p(t) = -t**3 + 2*t**2 - t + 125. Let a = 16 - 16. What is the units digit of p(a)?
5
Let g(x) = 12*x**2 - 5*x - 5. Let n be g(7). Suppose 4*d - 28 = n. What is the hundreds digit of d?
1
Let z(w) = 7*w + 15. Suppose 7*u + 35 = 12*u. What is the units digit of z(u)?
4
Suppose -3*d + 5*p - p = -31, -2*p + 12 = 4*d. Suppose 265 = 5*y + d*l, 5*y + 3*l = -8 + 271. What is the units digit of y?
2
Let y = 24 + 6. What is the hundreds digit of 886/7 + y/70?
1
Let y(b) = -b**2 + b - 1. Let z(l) = 9*l**2 - 2*l + 8. Let j(d) = -6*y(d) - z(d). Let h(r) be the first derivative of j(r). What is the tens digit of h(-5)?
2
What is the units digit of 1 + 232 + -2 + -4 + 8?
5
Let b = 935 - -120. What is the hundreds digit of b?
0
Let m be (0 + -11)*(-4 - -5). Let u = m - -20. What is the tens digit of 231/u - 3/(-9)?
2
Suppose -4*q + 4*h + 28 - 8 = 0, -2*q = -3*h - 15. Suppose 2*a + 4 = -5*n + 59, q = 4*a - 5*n - 95. What is the units digit of a?
5
Let w(m) = m**3 - m**2 + m + 3. Let v be w(0). Suppose -2*n + v*d - 8*d = 6, 2*d + 6 = n. What is the units digit of n?
2
Let n = 239 + -98. Suppose -5*g = -n + 31. Let c = g + -9. What is the units digit of c?
3
Let n(v) = -24*v + 4. Let j be n(2). Let x be 2/(-3) - j/3. Suppose -9*r = -x*r + 280. What is the units digit of r?
6
Suppose -5*m - 4*u + 746 = 0, 2*m - 4*u + 19 = 323. Suppose 0 = -s - 63 + m. What is the tens digit of s?
8
Let w(m) = -198*m - 233. What is the thousands digit of w(-32)?
6
Let n(u) = -u**3 - 8*u**2 + 13*u - 11. Let v be n(-7). Let l = v + 224. What is the tens digit of l?
7
Let n = -38 + 38. Suppose n = -5*t + 155 + 30. What is the tens digit of t?
3
Let y(m) = -m**2 - 21*m - 7. Let c be y(-20). Let i = c + 25. What is the units digit of i?
8
Suppose 6*k - 9*k + 264 = 5*h, h = 2*k - 176. What is the units digit of k?
8
Let j(v) = v**3 + 7*v**2 - 9*v + 7. Let f be j(-7). Suppose -5*w = -3*c + f, 2*w - 55 = -4*c + 47. What is the tens digit of c?
2
Let z(d) = 29*d**2 + 11*d + 27. What is the thousands digit of z(-10)?
2
Let i(m) = m**3 + 2*m**2 + 2*m + 3. Let w be i(-2). Let n(b) be the third derivative of b**5/4 + b**4/24 + b**3/6 - 32*b**2. What is the tens digit of n(w)?
1
Let o be 12/7 - 22/(-77). Suppose o*y - 5*y = -9. Suppose -2*g + 3*j + 146 = y*g, 5*j - 18 = -g. What is the units digit of g?
8
Suppose 12 = 2*u - 8. What is the units digit of 830/35 - u/(-35)?
4
Suppose 0 = 8*r - 3*r - 250. Let v = r - 34. What is the tens digit of v?
1
Suppose 0 = 8*v + 3*v + 176. Let n(r) = -r**3 - 16*r**2 - 2*r - 10. What is the units digit of n(v)?
2
Suppose -2*v = 3*o - 1272, -v - 2531 = -4*o - 835. What is the hundreds digit of o?
4
Let m(t) = -58*t - 4. Let u be m(-2). Suppose u = o + 2. Suppose -o = -3*k - 8. What is the tens digit of k?
3
Suppose -2*q + p + 2 = 0, -2*p = -5*q + 2*p + 2. What is the tens digit of ((-1)/2)/(7/(-2506)) + q?
8
Suppose 33*x = 43*x - 16500. What is the units digit of x?
0
Let z be (2 + 2)*58/4. Suppose q = -q + z. What is the units digit of q?
9
Suppose 24*y + 5*u = 27*y - 1082, -1798 = -5*y + 3*u. What is the tens digit of y?
5
Let r(z) = -8*z + 8. Let h(n) = n. Let w(o) = -6*h(o) + r(o). What is the tens digit of w(-22)?
1
What is the hundreds digit of (-4 + 16/2 - -709) + -2?
7
Suppose 85*n = 82*n + 6411. What is the thousands digit of n?
2
Suppose 2*y = 6*y. Suppose -4*v + v + 123 = y. What is the tens digit of v?
4
Suppose -150 - 162 = -2*s. Suppose -5*q = -s - 79. What is the tens digit of q?
4
What is the units digit of 4938*(-6)/(-60) + 4/20?
4
Let d(g) = g**2 + 13*g + 20. Let f be d(-8). Let c = -3 + -10. Let j = c - f. What is the units digit of j?
7
Let g(u) = 35*u - 3. What is the units digit of g(9)?
2
Let r = -592 + 993. What is the tens digit of r?
0
Let m = -344 - -606. What is the units digit of m?
2
Let i = 15 - 9. Let l be (-1)/i*-2*24. Suppose 5*o = y + 85, -4*y - l = 5*o - 93. What is the tens digit of o?
1
Suppose -3*q + 156 = 4*k - k, -k = 2*q - 52. Suppose 4 = 2*w - k. What is the tens digit of w?
2
Let r be -1 + (-30)/(-3) + -4. Suppose n - 43 = -2*i, 3*i = -r*n + n + 187. What is the tens digit of n?
4
Suppose 3*w + p = 1527, -4*w + 3*p + 1748 = -301. What is the tens digit of w?
1
Suppose -6*a + 2*a - 4*j + 2640 = 0, -3299 = -5*a - 4*j. What is the units digit of a?
9
Let v(o) = 67*o + 15. Let j be v(3). Suppose -7*b + j = -3*b - s, 0 = 3*b + 5*s - 162. What is the tens digit of b?
5
Let j = 27 - 18. Let o(s) = s**3 - 9*s**2 - s + 12. Let n be o(j). Suppose 4*b + 4*v = 152, n*b + 3*v + 51 = 5*b. What is the tens digit of b?
3
Suppose -4*h - 118 = -2*v, 5*h + 125 = -4*v - v. Let r = h + 32. Suppose -333 = -5*y - 3*p, 2*y - r*p + 44 = 198. What is the tens digit of y?
6
Let z = 412 - 194. What is the tens digit of z?
1
Let l = -112 - -290. What is the hundreds digit of l?
1
Suppose 1 - 11 = -2*j. Suppose 0 = 4*k + 20, -3*k - 19 = j*c - 3*c. What is the tens digit of -2 + 1 + c + 26?
2
Let x = 5763 + 224. What is the units digit of x?
7
Let i be (-1)/((36/120)/(6/(-4))). Suppose -i = m, -3*f = 2*m - 435 - 242. What is the tens digit of f?
2
Let v be 60/14 - (-10)/(-35). Suppose -v*o = -6*o. Let a = o + 11. What is the units digit of a?
1
Let x = 4 - 10. Let d(s) = -11*s + 14. Let p be d(x). Suppose p = -25*y + 30*y. What is the units digit of y?
6
Suppose -q - 626 = w, 0*q + 2*q + 1243 = -5*w. Let c = q + 441. What is the units digit of c/(-5) + 4/10?
8
Let g be 12/(-3) + 5*1. Suppose -g = -2*k + 7. Suppose 0 = k*b - 141 + 37. What is the units digit of b?
6
Let k = -69 + 42. Let b = k - -34. What is the units digit of b?
7
Suppose 132 = 3*a + 3*p, -4*a + 5*p = -3*a - 38. Let c(b) = -b**2 - b + 33. Let i be c(0). Suppose -4*l + a = -i. What is the tens digit of l?
1
Let r be 3 - (2 - -1) - (0 - 38). Let p = r + 54. What is the tens digit of p?
9
Let t(f) = -3*f + 3. Let k be t(10). Let c = 58 - k. What is the units digit of c?
5
Suppose 47*s - 43*s - 132 = 0. Suppose -2*d = s - 211. What is the units digit of d?
9
Let h be ((-44)/3)/(6/(-54)*-3). Let r = h + 60. What is the units digit of r?
6
Let n be (-1)/9 - (-874)/171. Suppose 2*z = -n*z + 476. What is the tens digit of z?
6
Let l = 122 + 21. What is the tens digit of l?
4
Let u(j) be the third derivative of -5*j**4/24 - 11*j**3/6 - 2*j**2. Let r(v) = v**3 + 10*v**2 + 19*v + 19. Let p be r(-8). What is the units digit of u(p)?
4
Let s(k) = -20*k - 3. Suppose -b + 4 = -5*b. What is the units digit of s(b)?
7
Let g(x) = 10*x - 13. Let z be g(2). Suppose z*b + 205 = 12*b. What is the units digit of b?
1
What is the thousands digit of ((-7500)/9)/(74/(-111))?
1
Let y(r) = 4*r**2 - 134*r - 3. What is the hundreds digit of y(-6)?
9
Let i = 26 - 40. What is the units digit of (0 - -10)*(-7)/i?
5
Suppose 3*c + 5146 = 3*o + 13, -o + 3*c + 1707 = 0. What is the units digit of o?
3
What is the hundreds digit of -46*(-410)/60*3?
9
Let j = 14 - 70. Let d be -8 + -20 + (3 - 0). Let n = d - j. What is the tens digit of n?
3
Let q be (-20)/(-35) - (-18216)